late the greatest common divisor of 228 and 12.
12
What is the highest common divisor of 304 and 380?
76
What is the highest common factor of 256 and 568?
8
Calculate the greatest common divisor of 594 and 44.
22
Calculate the greatest common factor of 3110 and 10.
10
Calculate the highest common factor of 105 and 45.
15
Calculate the greatest common divisor of 143 and 13.
13
Calculate the greatest common factor of 42 and 21.
21
Calculate the greatest common divisor of 3740 and 60.
20
Calculate the greatest common factor of 8 and 22600.
8
What is the highest common factor of 12 and 7026?
6
Calculate the highest common divisor of 20042 and 44.
22
Calculate the highest common divisor of 864 and 378.
54
Calculate the highest common factor of 310 and 20.
10
What is the greatest common factor of 1042 and 6?
2
Calculate the greatest common factor of 554 and 10.
2
Calculate the greatest common divisor of 9 and 1899.
9
What is the highest common divisor of 8003 and 212?
53
Calculate the highest common factor of 132 and 880.
44
What is the highest common divisor of 370 and 19462?
74
Calculate the highest common divisor of 2279 and 688.
43
What is the highest common divisor of 740 and 100?
20
What is the highest common divisor of 17 and 4?
1
What is the greatest common factor of 1470 and 75?
15
What is the greatest common factor of 410 and 2?
2
What is the highest common factor of 1080 and 60?
60
What is the greatest common factor of 3756 and 84?
12
Calculate the greatest common divisor of 100 and 40.
20
Calculate the greatest common factor of 30 and 14955.
15
What is the highest common factor of 26 and 2522?
26
What is the greatest common divisor of 47 and 517?
47
What is the highest common factor of 26 and 6?
2
Calculate the greatest common factor of 53 and 848.
53
Calculate the highest common factor of 14 and 16.
2
Calculate the greatest common factor of 2928 and 915.
183
What is the greatest common factor of 300 and 36?
12
What is the highest common factor of 165 and 465?
15
What is the highest common divisor of 45 and 360?
45
Calculate the greatest common divisor of 440 and 1408.
88
What is the highest common divisor of 56 and 2534?
14
Calculate the highest common factor of 880 and 11.
11
What is the greatest common factor of 1518 and 621?
69
Calculate the greatest common factor of 20 and 800.
20
Calculate the greatest common divisor of 15 and 105.
15
Calculate the highest common factor of 574 and 14.
14
What is the greatest common factor of 72 and 8?
8
Calculate the highest common factor of 99 and 3432.
33
What is the highest common divisor of 18 and 4302?
18
Calculate the highest common divisor of 20 and 40.
20
Calculate the greatest common factor of 38 and 798.
38
What is the greatest common factor of 72 and 366?
6
What is the highest common factor of 27 and 279?
9
What is the greatest common divisor of 19138 and 14?
14
Calculate the highest common factor of 10 and 85.
5
Calculate the highest common factor of 3277 and 580.
29
What is the highest common divisor of 76 and 969?
19
What is the highest common divisor of 43 and 559?
43
What is the highest common factor of 140 and 21?
7
Calculate the highest common divisor of 420 and 37940.
140
Calculate the highest common divisor of 52 and 585.
13
What is the highest common factor of 667 and 29?
29
What is the highest common factor of 44 and 12804?
44
What is the highest common factor of 113 and 6?
1
Calculate the greatest common divisor of 33 and 2343.
33
What is the greatest common divisor of 327 and 14279?
109
Calculate the greatest common factor of 66 and 1122.
66
What is the greatest common divisor of 32424 and 168?
168
Calculate the greatest common divisor of 90 and 80.
10
Calculate the greatest common divisor of 52 and 12.
4
Calculate the highest common factor of 47 and 1410.
47
What is the highest common factor of 9392 and 16?
16
Calculate the highest common factor of 7 and 1533.
7
Calculate the greatest common divisor of 150 and 1600.
50
Calculate the greatest common divisor of 36 and 480.
12
Calculate the greatest common factor of 459 and 27.
27
What is the highest common factor of 18 and 3384?
18
What is the highest common factor of 973 and 20572?
139
What is the highest common divisor of 342 and 608?
38
What is the greatest common divisor of 810 and 10?
10
Calculate the greatest common divisor of 14 and 658.
14
What is the highest common divisor of 68 and 4?
4
What is the highest common divisor of 19 and 67?
1
Calculate the highest common divisor of 39 and 1209.
39
Calculate the greatest common factor of 75 and 255.
15
What is the greatest common factor of 497 and 213?
71
Calculate the highest common divisor of 17 and 833.
17
What is the highest common factor of 423 and 47?
47
Calculate the greatest common factor of 133 and 57.
19
Calculate the greatest common factor of 384 and 1032.
24
What is the greatest common divisor of 340 and 180?
20
What is the greatest common factor of 84 and 3072?
12
Calculate the highest common divisor of 366 and 42.
6
What is the highest common factor of 23 and 46?
23
Calculate the greatest common factor of 208 and 39.
13
What is the highest common factor of 208 and 4112?
16
Calculate the highest common divisor of 33080 and 16.
8
What is the highest common factor of 442 and 34?
34
Calculate the greatest common divisor of 112 and 133.
7
Calculate the highest common divisor of 29040 and 96.
48
What is the greatest common factor of 29 and 17545?
29
What is the highest common divisor of 24 and 56?
8
What is the greatest common factor of 27 and 1728?
27
What is the highest common divisor of 309 and 6?
3
What is the highest common divisor of 60 and 48?
12
What is the greatest common factor of 23031 and 27?
27
What is the greatest common divisor of 61440 and 15?
15
What is the highest common divisor of 16 and 976?
16
What is the highest common divisor of 45 and 3555?
45
What is the greatest common divisor of 76 and 247?
19
Calculate the highest common divisor of 48 and 3.
3
What is the highest common divisor of 24 and 1884?
12
Calculate the highest common divisor of 6575 and 475.
25
Calculate the highest common divisor of 6656 and 128.
128
Calculate the highest common factor of 568 and 71.
71
Calculate the highest common divisor of 2 and 44.
2
Calculate the greatest common divisor of 175 and 75.
25
What is the highest common divisor of 52 and 6773?
13
What is the highest common factor of 1675 and 67?
67
What is the greatest common divisor of 25 and 85?
5
Calculate the highest common factor of 7428 and 96.
12
What is the greatest common divisor of 11570 and 390?
130
What is the greatest common divisor of 1104 and 48?
48
What is the highest common divisor of 150 and 6?
6
Calculate the greatest common factor of 12 and 3054.
6
What is the highest common divisor of 52 and 44?
4
What is the greatest common factor of 5112 and 54?
18
What is the highest common divisor of 2856 and 336?
168
What is the greatest common factor of 132 and 44?
44
What is the highest common factor of 323 and 76?
19
Calculate the greatest common divisor of 545 and 10.
5
Calculate the greatest common factor of 1386 and 119.
7
Calculate the greatest common divisor of 6 and 366.
6
Calculate the greatest common factor of 5830 and 106.
106
Calculate the greatest common divisor of 36 and 972.
36
What is the highest common factor of 1 and 85?
1
What is the greatest common divisor of 1829 and 93?
31
What is the greatest common factor of 279 and 45?
9
What is the greatest common factor of 16 and 58?
2
What is the greatest common divisor of 7 and 16646?
7
What is the highest common divisor of 50 and 200?
50
Calculate the greatest common divisor of 251 and 2008.
251
Calculate the highest common factor of 416 and 12.
4
Calculate the greatest common divisor of 140 and 20.
20
What is the greatest common divisor of 629 and 306?
17
What is the highest common factor of 15442 and 70?
14
Calculate the greatest common divisor of 9 and 2475.
9
Calculate the highest common factor of 260 and 104.
52
What is the highest common divisor of 609 and 116?
29
What is the highest common divisor of 152 and 2394?
38
Calculate the greatest common factor of 5 and 2.
1
Calculate the highest common divisor of 8477 and 49.
49
Calcul